 remainder when 15 is divided by a(2).
7
Let f be (-31)/(-3) + 6/9. Suppose -9*w = -f*w + 198. Calculate the remainder when (-2)/(3/3) + w is divided by 25.
22
Let o be 2/8 + 22/8. Suppose 2*k = -o*v + 22, -v + 10 = -2*k + 4*k. Let u(t) = 7*t + 7. What is the remainder when u(v) is divided by 17?
15
Suppose 4*x + u = -x + 106, 3*x - 5*u = 86. What is the remainder when 86 is divided by x?
20
Let z(v) = v**2 + 13*v + 8. Let w be z(-10). Let f = w - -42. Let j = f + 9. Calculate the remainder when j is divided by 8.
5
Let w = 7 + -129. Calculate the remainder when w/(-4) + (-3)/2 is divided by 15.
14
What is the remainder when 4564/14*1/2 is divided by 56?
51
Let d(a) = 6*a - 6. Let l(c) = 14*c**3 - 13*c**3 + 6*c + 0*c**2 - 6*c**2 + 4. Let n be l(5). Calculate the remainder when d(n) is divided by 10.
8
Let d(m) = 5*m**2 + 130*m + 19. Calculate the remainder when 757 is divided by d(-26).
16
Let q = 41 + -40. Calculate the remainder when 5*(q - -25 - 1) is divided by 16.
13
Let m = -35 + 64. Suppose m*w - 32*w = -36. Let o(k) = 17*k + 3. Calculate the remainder when o(4) is divided by w.
11
Calculate the remainder when 2 - (3*-2 - 0) is divided by 4 - (-4 - -5)*2.
0
Let z = -2 - -4. Suppose 0 = -5*k + 4*c + 45, 2*k - 3 - 17 = 2*c. Suppose -6 = 3*s, 0*v + z*v - k*s = 22. Calculate the remainder when 9 is divided by v.
3
Let n(w) = w**3 - 12*w**2 - 20*w + 23. Let p be n(14). Suppose 31 = -4*x + p. Calculate the remainder when x is divided by 18.
8
Let t = 67 + 213. Suppose -49 + t = u. Suppose -r = -3*y + 3*r + u, 4*y - 308 = 4*r. What is the remainder when y is divided by 20?
17
Suppose 102*b = 105*b - 618. Calculate the remainder when b is divided by 23.
22
Let b(v) = 13*v**2 - 14*v + 206. What is the remainder when b(9) is divided by 9?
8
Let g = 231 + -227. Calculate the remainder when 15 is divided by g.
3
Let d(q) = 10 + q + 11*q**2 - q**3 - 7*q - 11*q + 5*q. Calculate the remainder when d(8) is divided by 36.
34
Suppose -5*r = -12 - 8. Let y = -32 - -49. Let o = 32 - y. Calculate the remainder when o is divided by r.
3
Let p = -9 + 18. What is the remainder when 212 is divided by p?
5
Let f = 71 + -42. Calculate the remainder when 432/(-20)*(-25)/10 is divided by f.
25
Suppose -11*h - 6*h + 3383 = 0. What is the remainder when h is divided by 10?
9
Suppose -4*n = 5*n - 765. Calculate the remainder when n is divided by 30.
25
Let t(x) = -x**3 - 24*x**2 - 19. Let r be t(-24). Let i = r - -31. What is the remainder when 41 is divided by i?
5
Suppose -4*x + c = -675, 3*c - 8*c = -3*x + 485. Suppose x = 6*r + 14. What is the remainder when 75 is divided by r?
23
Suppose -o + k - 368 = -3*o, 0 = o - 4*k - 202. Suppose 0 = 2*d - 204 - o. Calculate the remainder when d is divided by 22.
19
Let o = 179 + -172. What is the remainder when 17 is divided by o?
3
Calculate the remainder when 54 is divided by 4/14 - 335/(-35)*3.
25
What is the remainder when 68 is divided by (46/115)/(1/(-70)*-2)?
12
Let g(v) = -8*v - 22. Let s = -64 + 56. Calculate the remainder when g(s) is divided by 23.
19
Suppose -h - 2*t - 6 = -2*h, 3*h = -t + 11. Suppose -h*x + 20 = x. Suppose -3*a - x*k = -16, 4*k + 2 = 6. Calculate the remainder when 5 is divided by a.
1
Let l = 25 + -21. Let n = l - 1. What is the remainder when n is divided by 2?
1
Suppose -3*z + 9 = -6. Calculate the remainder when z is divided by 1/(-5) - ((-384)/(-80))/(-4).
0
Suppose -3*f = -v + 68, 2*v + 8*f - 136 = 5*f. Suppose 0 = 14*g - 18*g + v. Calculate the remainder when g is divided by 10.
7
Let m(j) = 5*j - 11. Suppose -34*i + 38*i - 24 = 0. What is the remainder when m(i) is divided by 5?
4
Suppose -3*s - 2 = -116. Let m = 110 + -90. Let v = m + s. Calculate the remainder when v is divided by 20.
18
Suppose 5*u + 4 + 56 = -2*l, 4*l = 5*u + 60. Let d(p) = 10*p**3 + 2*p - 2. Calculate the remainder when d(1) is divided by (u/(-18))/(2/9).
1
What is the remainder when 4/(216/6) + (-564)/(-27) is divided by 11?
10
Suppose -b - 2*z = 2*b + 22, -4*z - 32 = 4*b. Let m(p) = -p**2 - 12*p - 23. What is the remainder when 24 is divided by m(b)?
11
Suppose 10 = -2*y - 0. Let l = y + 12. What is the remainder when 14 is divided by 2/6*(22 - l)?
4
Let b(t) = t + 16. Let i = 131 - 102. What is the remainder when i is divided by b(0)?
13
Let r(u) = u**2 + u + 5. Let x = 15 + -11. Suppose -y + 3*i - 6*i = 12, -i - x = 0. What is the remainder when 24 is divided by r(y)?
4
Let y be (-9)/(-15) - (-63)/(-5). Let b = y + 15. Suppose b*r - 2*w - 1 = 16, -4*r + 61 = 5*w. What is the remainder when 33 is divided by r?
6
Let j(c) = -c**2 + 26*c - 80. Calculate the remainder when 96 is divided by j(21).
21
Suppose -5*r - 4*a + 24 = 0, -2*a = -3*r + 4*r. Calculate the remainder when 13 is divided by r.
5
Let u = 557 + -512. What is the remainder when u is divided by 17?
11
Let a(w) = 1 - 113*w**2 + 4*w**3 + 112*w**2 - 5*w**3. Suppose d - 2*j + 9 = -6*j, 2*j + 1 = 3*d. What is the remainder when a(d) is divided by 1?
0
Suppose 2*t - 455 = -51. Let m = t - 130. Suppose z = -3*f + 92, -3*f + z = -2*z - m. Calculate the remainder when f is divided by 10.
9
Suppose 19*r - 114 = 209. Calculate the remainder when 266 is divided by r.
11
Let g(u) = -31*u + 1. Let v be g(-1). Let n = 71 - v. Suppose 125 = b + n. Calculate the remainder when b is divided by 22.
20
Suppose -g = 6*g + 7. Calculate the remainder when g - (-3 + 3*-30) is divided by 19.
16
Let g = -85 + 198. Suppose -g - 32 = -5*l. Calculate the remainder when 56 is divided by l.
27
Let r(k) = -4*k**2 + 77*k + 12. What is the remainder when r(19) is divided by 18?
13
Let c(q) = -q**2 + 11*q - 19. Let i be c(6). Let z = -5 + 27. Let w = z - i. Calculate the remainder when 40 is divided by w.
7
Let h = 108 + -64. Let d = h + -38. Suppose p - n - 16 = 4, -p = 3*n - 24. What is the remainder when p is divided by d?
3
Suppose 0 = -2*g + 5*p + 33 + 34, 2*g - 94 = -4*p. Let o = -80 + 101. What is the remainder when g is divided by o?
20
Let a be 4/(-4)*-1*122/(-2). Calculate the remainder when (-1 - -1 - 1)/(1/a) is divided by 25.
11
Let n = 24 - 24. Suppose -3*f - 90 = -n*f. What is the remainder when (36/f)/(4/(-170)) is divided by 13?
12
Let f(j) = -2*j**2 - 54*j + 28. Let n(c) = c**3 + 28*c**2 + 53*c - 1. Let h be n(-26). Calculate the remainder when 139 is divided by f(h).
27
Suppose 5*k - 106 = -3*l + 798, 0 = 4*l + 4*k - 1208. Calculate the remainder when l is divided by 81.
60
Suppose 0 = -2*r + 5*r - 390. What is the remainder when r is divided by 12?
10
Let z be ((-13)/2)/(1/(-16)). Suppose -8*o + z = -4*o. Let m = o + -9. Calculate the remainder when 33 is divided by m.
16
Let y(p) = -4*p**2 - 3*p + 5. Let j be y(5). Let l = j - -154. Calculate the remainder when l is divided by 15.
14
Suppose 25*o - 780 + 55 = 0. What is the remainder when o is divided by 20?
9
Suppose d - k = 83, -4*d + 0*d + 2*k = -322. Calculate the remainder when d is divided by 0 - (-5 + 1) - -12.
14
Suppose 122 - 18 = 2*f. Let v = f + -25. Let k = -10 + 20. Calculate the remainder when v is divided by k.
7
Suppose 0 = -3*r + 4*r - 16. Let i = r + -13. Calculate the remainder when ((-44)/(-8))/(1/2) is divided by i.
2
Let p = 12 - -28. What is the remainder when (-163)/(-1) - (-16)/(-4) is divided by p?
39
Let d = 642 - 634. What is the remainder when 911 is divided by d?
7
Suppose -r + 88 - 1 = 0. Let b(l) = 18*l + 933. What is the remainder when r is divided by b(-51)?
12
Let a(h) = -h**2 + 4*h - 1. Let u(o) = o**2 - 11*o - 10. Calculate the remainder when u(12) is divided by a(3).
0
Suppose -3*z + 44 = 5. Suppose 7*u - 256 = 3*u. What is the remainder when u is divided by z?
12
Suppose -6*i + 0*i + 186 = 0. Suppose -2*q + 3*k - 2 + 0 = 0, 0 = -3*q - 4*k + i. Suppose 0 = -b + 20 - 1. What is the remainder when b is divided by q?
4
Calculate the remainder when ((-2)/5)/((-5)/1850) is divided by 25.
23
Let p(q) = 4*q + 8. Let c be p(8). Suppose 0 = -15*g + 17*g - c. What is the remainder when 37 is divided by g?
17
Let d(w) = 5*w**2 - 8*w - 7. Let u(r) = r**2 + 6*r + 1. Let k be u(-4). Let v be d(k). Calculate the remainder when (12/(-14))/((-6)/v) is divided by 22.
20
Let u = 17 - 6. Let r = u + -9. Suppose -c + 82 = k, -5*k + 4*k = r*c - 159. What is the remainder when c is divided by 16